ighest common divisor of 14 and 2591179262?
14
Calculate the greatest common divisor of 3626249 and 2461.
23
Calculate the highest common factor of 586074 and 722.
38
What is the greatest common divisor of 173631 and 210?
3
Calculate the greatest common factor of 207002271 and 84.
21
What is the greatest common factor of 1233792 and 45108?
252
What is the greatest common divisor of 4108491 and 1413?
9
What is the greatest common divisor of 363 and 3403851?
363
What is the greatest common factor of 1008 and 35288400?
336
What is the greatest common divisor of 1778 and 46270238?
14
What is the greatest common divisor of 4848 and 3334752?
48
What is the greatest common factor of 260 and 9288955?
65
Calculate the highest common factor of 961 and 1048546139.
961
What is the highest common divisor of 412378 and 339152?
3854
What is the highest common divisor of 33 and 71457166?
11
What is the highest common factor of 2594420 and 14216?
7108
Calculate the greatest common factor of 4513696 and 158048.
352
What is the greatest common factor of 1171683 and 14770?
211
Calculate the greatest common divisor of 34845 and 9177365.
505
Calculate the greatest common factor of 55 and 5109920.
5
Calculate the highest common divisor of 74106 and 3258.
18
Calculate the greatest common divisor of 26754543 and 39123.
5589
Calculate the greatest common divisor of 101771263 and 55.
11
What is the greatest common divisor of 7822956 and 96?
12
Calculate the highest common factor of 466 and 75328201.
233
Calculate the highest common divisor of 216 and 180697014.
54
What is the greatest common divisor of 1764 and 30352?
28
What is the highest common factor of 1814352 and 27952?
16
Calculate the highest common divisor of 13450 and 1222874.
538
What is the greatest common factor of 332 and 1540?
4
Calculate the greatest common divisor of 54 and 645237.
9
What is the highest common factor of 202740 and 40688610?
3270
What is the highest common factor of 11885112 and 24012?
828
Calculate the greatest common divisor of 231081 and 5748873.
1173
What is the greatest common factor of 438754821 and 171?
57
What is the greatest common factor of 4864908 and 666?
222
Calculate the greatest common factor of 1076400 and 155025.
2925
Calculate the greatest common divisor of 147600 and 13400.
200
Calculate the highest common divisor of 3456 and 5606064.
432
What is the greatest common divisor of 14072258 and 2?
2
Calculate the highest common factor of 13827 and 32626273.
419
What is the greatest common divisor of 84830592 and 99?
33
What is the highest common divisor of 983800 and 8000?
200
Calculate the highest common divisor of 8004 and 5988036.
348
What is the highest common divisor of 6887049 and 117?
39
Calculate the highest common divisor of 53741716 and 56.
28
Calculate the greatest common factor of 4137 and 8975517.
591
Calculate the highest common factor of 5696 and 162158.
178
Calculate the highest common divisor of 694575 and 841330.
245
Calculate the greatest common factor of 4533739 and 14637.
287
Calculate the highest common divisor of 44929 and 3939445.
251
What is the highest common factor of 364 and 127820433?
13
Calculate the highest common factor of 1804296 and 45864.
312
Calculate the highest common factor of 480100 and 40.
20
Calculate the highest common factor of 3611 and 6766140.
23
Calculate the highest common factor of 1173150 and 440.
110
Calculate the greatest common factor of 42 and 569574957.
21
Calculate the greatest common divisor of 8 and 34856504.
8
Calculate the highest common divisor of 11858349 and 2769.
213
What is the highest common factor of 208 and 115353680?
208
Calculate the highest common factor of 138574744 and 24696.
2744
Calculate the greatest common divisor of 1173 and 3258249.
69
What is the greatest common divisor of 25864697 and 1031?
1031
What is the highest common divisor of 7280 and 224185?
65
What is the highest common factor of 9816379 and 15529?
293
What is the greatest common factor of 25564 and 1499146?
1826
Calculate the greatest common divisor of 135432 and 286239096.
7128
Calculate the greatest common factor of 1595 and 1537993105.
1595
Calculate the highest common factor of 836 and 763363.
19
Calculate the greatest common factor of 5579 and 2503.
1
What is the greatest common factor of 120957 and 4114291?
1753
What is the highest common divisor of 4222256 and 3298?
34
Calculate the greatest common factor of 1195582 and 633994.
1766
What is the greatest common divisor of 615 and 36708120?
615
Calculate the greatest common factor of 47764107 and 108.
27
What is the highest common divisor of 3078195 and 435?
15
Calculate the greatest common divisor of 225 and 3578769.
9
What is the highest common factor of 3490180 and 682340?
2180
What is the highest common divisor of 246693128 and 176?
88
What is the highest common divisor of 488 and 36838876?
244
What is the highest common factor of 3452560 and 10475?
2095
Calculate the highest common divisor of 10258 and 10993678.
46
What is the greatest common divisor of 1530 and 1001955?
15
Calculate the highest common divisor of 98 and 12474938.
14
Calculate the highest common divisor of 3 and 2806494.
3
What is the greatest common divisor of 51568223 and 1505?
301
Calculate the highest common divisor of 274577 and 518.
37
Calculate the highest common factor of 1161147 and 1596.
57
Calculate the greatest common divisor of 49099 and 182151.
37
Calculate the greatest common factor of 2622 and 285342.
114
Calculate the highest common divisor of 153676 and 5072800.
1492
Calculate the greatest common factor of 5005 and 1677676.
1001
Calculate the highest common divisor of 103302586 and 142.
142
What is the highest common factor of 36 and 353318076?
36
Calculate the greatest common factor of 982415 and 105.
35
Calculate the greatest common divisor of 260 and 93988.
4
Calculate the greatest common factor of 102315330 and 260.
130
What is the greatest common divisor of 1108699 and 9?
1
Calculate the greatest common factor of 30525 and 17.
1
What is the highest common divisor of 7350815 and 95?
95
Calculate the highest common divisor of 3706467 and 24.
3
Calculate the greatest common factor of 302792952 and 1869.
1869
What is the highest common divisor of 231164 and 104?
4
Calculate the greatest common divisor of 672 and 242691.
3
What is the highest common factor of 104037946 and 1471?
1471
What is the greatest common factor of 124560 and 62453?
173
What is the greatest common divisor of 7538407 and 2981?
271
Calculate the highest common divisor of 2136920 and 26240.
1640
Calculate the greatest common factor of 8 and 10030376.
8
Calculate the greatest common divisor of 663 and 718471.
221
What is the highest common divisor of 8 and 11393240?
8
What is the highest common divisor of 665 and 18469045?
665
What is the greatest common divisor of 30045384 and 54?
54
What is the greatest common divisor of 3863498 and 76?
38
Calculate the greatest common factor of 416806 and 39884.
26
What is the highest common divisor of 68 and 456836?
4
Calculate the highest common divisor of 8900 and 267334640.
1780
What is the highest common divisor of 40899864 and 96?
24
Calculate the highest common factor of 136996 and 27724.
116
What is the highest common divisor of 47554 and 55235800?
3658
What is the highest common divisor of 1591 and 4684238110?
1591
What is the greatest common factor of 1254924 and 6204?
132
Calculate the highest common divisor of 3794 and 31192.
14
What is the greatest common factor of 260491083 and 4161?
4161
What is the greatest common factor of 80122706 and 2202?
734
Calculate the highest common divisor of 237195 and 113400.
945
What is the highest common factor of 19638 and 160254?
18
What is the highest common factor of 96074714 and 57968?
7246
Calculate the greatest common divisor of 90906 and 1140078.
834
Calculate the highest common divisor of 833 and 4318867.
119
Calculate the greatest common divisor of 34035846 and 2782.
26
Calculate the highest common divisor of 3348 and 625122.
18
What is the highest common divisor of 420 and 6692340?
60
What is the greatest common divisor of 174 and 92492194?
58
Calculate the highest common divisor of 1344 and 13968864.
672
What is the greates